{"id":9167,"date":"2022-05-05T16:53:44","date_gmt":"2022-05-05T16:53:44","guid":{"rendered":"https:\/\/macknole.de\/?page_id=9167"},"modified":"2022-05-12T11:38:13","modified_gmt":"2022-05-12T11:38:13","slug":"traechtigkeitswoche-8","status":"publish","type":"page","link":"https:\/\/macknole.de\/?page_id=9167","title":{"rendered":"Tr\u00e4chtigkeitswoche 8"},"content":{"rendered":"<blockquote>\n<h5><span style=\"color: #ff0000;\">CIARAS ACHTE TR\u00c4CHTIGKEITWOCHE<\/span><\/h5>\n<\/blockquote>\n<p style=\"text-align: justify;\">Ciaras Bauch macht es mittlerweile recht schwer, sich zu bewegen. Die Spazierg\u00e4nge richten sich ganz nach ihrem Empfinden. Aber gro\u00dfe Spr\u00fcnge wie noch im M\u00e4rz k\u00f6nnen wir nicht mehr machen, da sie recht schnell ersch\u00f6pft ist. Schlafen ist ihr neues Hobby und t\u00e4glich wird mehrmals die Wurfkiste auf tats\u00e4chliche Tauglichkeit gepr\u00fcft. Obwohl noch kaum Platz in ihrem Bauch zu scheinen vermag, isst sie nach wie vor sehr gut. Seit dieser Woche erh\u00e4lt sie zus\u00e4tzlich Ziegenmilch, die ihr sehr gut zu schmecken scheint.<\/p>\n<p>Wir waren nochmal bei der Tier\u00e4rztin. Diese ist sehr zufrieden mit ihr. Die Praxis wei\u00df Bescheid, dass es in den n\u00e4chsten Tagen los gehen k\u00f6nnte und wir hoffen, dass die Ankunft der Anam Caras f\u00fcr uns alle ein kompliationsloses Ereignis werden wird.<\/p>\n<blockquote>\n<h5><span style=\"color: #ff0000;\">TR\u00c4CHTIGKEITSVERLAUF IN DER ACHTEN WOCHE<\/span><\/h5>\n<\/blockquote>\n<p style=\"text-align: justify;\">Die H\u00fcndin hat weniger Hunger, was durch den Platzmangel im Bauch verursacht wird. Unterrichten Sie Ihren Tierarzt \u00fcber den zu erwartenden Geburtszeitpunkt und er\u00f6rtern Sie mit ihm m\u00f6gliche Probleme. Stellen Sie die Utensilien f\u00fcr die Geburt zusammen und bereiten Sie alles vor.<\/p>\n\n\n<figure class=\"wp-block-table is-style-regular\"><table><thead><tr><th>Datum<\/th><th>Ereignis<\/th><\/tr><\/thead><tbody><tr><td>Di, 03. Mai 2022<br>bis<br>Mi, 11. Mai 2022<\/td><td>Die H\u00fcndin verbringt sehr viel mehr Zeit mit der eigenen K\u00f6rperpflege. Die Zitzen schwellen weiter an. Die H\u00fcndin wird unruhiger und sucht einen geeigneten Platz f\u00fcrs Werfen. Sorgen Sie daf\u00fcr, dass sie den Platz f\u00fcrs Werfen so angenehm wie m\u00f6glich vorfindet. Je nach Rasse kann man kleine Handt\u00fccher oder Waschlappen auf die Unterlage der Wurfkiste legen, um der H\u00fcndin Material f\u00fcr ihren &#8222;Nestbau&#8220; zu geben.<\/td><\/tr><tr><td>Do, 05. Mai 2022<\/td><td>F\u00fcttern Sie mehrere kleinere Mahlzeiten am Tag, da der Bauch beengt ist. Die Bewegung der Welpen im Mutterleib ist leicht erkennbar, wenn man die flache Hand vorsichtig auf den Bauch der H\u00fcndin legt. Sie muss dazu v\u00f6llig entspannt sein.<\/td><\/tr><tr><td>Do, 05. Mai 2022<br>bis<br>Fr, 20. Mai 2022<\/td><td>S\u00e4ubern Sie Bauch und Schambereich mit warmem Wasser. K\u00fcrzen Sie das Haar rund um die Zitzen, um den Welpen den Zugang zu erleichtern.<\/td><\/tr><\/tbody><\/table><figcaption><a rel=\"noreferrer noopener\" href=\"https:\/\/www.welpen.de\/traechtig\/kalender.php\" target=\"_blank\">Quelle: https:\/\/www.welpen.de\/traechtig\/kalender.ph<\/a><\/figcaption><\/figure>\n\n\n<blockquote>\n<h5><span style=\"color: #ff0000;\">HELLO WORLD FROM THE INSIDE<\/span><\/h5>\n<\/blockquote>\n\n\n<figure class=\"wp-block-embed is-type-video is-provider-tiktok wp-block-embed-tiktok\"><div class=\"wp-block-embed__wrapper\">\nhttps:\/\/www.tiktok.com\/@macknoles_ridgebacks\/video\/7094931071539662086?is_copy_url=1&#038;is_from_webapp=v1\n<\/div><figcaption>Tag 50<\/figcaption><\/figure>\n\n\n\n<figure class=\"wp-block-embed is-type-video is-provider-tiktok wp-block-embed-tiktok\"><div class=\"wp-block-embed__wrapper\">\nhttps:\/\/www.tiktok.com\/@macknoles_ridgebacks\/video\/7096051642700680454?is_copy_url=1&#038;is_from_webapp=v1\n<\/div><\/figure>\n","protected":false},"excerpt":{"rendered":"<p>CIARAS ACHTE TR&Auml;CHTIGKEITWOCHE Ciaras Bauch macht es mittlerweile recht schwer, sich zu bewegen. Die Spazierg&auml;nge richten sich ganz nach ihrem Empfinden. Aber gro&szlig;e Spr&uuml;nge wie noch im M&auml;rz k&ouml;nnen wir<\/p>\n<p class=\"more-link\"><a href=\"https:\/\/macknole.de\/?page_id=9167\" class=\"readmore\">Continue reading<svg class=\"icon icon-arrow-right\" aria-hidden=\"true\" role=\"img\"> <use href=\"#icon-arrow-right\" xlink:href=\"#icon-arrow-right\"><\/use> <\/svg><span class=\"screen-reader-text\">Tr\u00e4chtigkeitswoche 8<\/span><\/a><\/p>\n","protected":false},"author":1,"featured_media":0,"parent":0,"menu_order":0,"comment_status":"closed","ping_status":"closed","template":"","meta":[],"_links":{"self":[{"href":"https:\/\/macknole.de\/index.php?rest_route=\/wp\/v2\/pages\/9167"}],"collection":[{"href":"https:\/\/macknole.de\/index.php?rest_route=\/wp\/v2\/pages"}],"about":[{"href":"https:\/\/macknole.de\/index.php?rest_route=\/wp\/v2\/types\/page"}],"author":[{"embeddable":true,"href":"https:\/\/macknole.de\/index.php?rest_route=\/wp\/v2\/users\/1"}],"replies":[{"embeddable":true,"href":"https:\/\/macknole.de\/index.php?rest_route=%2Fwp%2Fv2%2Fcomments&post=9167"}],"version-history":[{"count":4,"href":"https:\/\/macknole.de\/index.php?rest_route=\/wp\/v2\/pages\/9167\/revisions"}],"predecessor-version":[{"id":9195,"href":"https:\/\/macknole.de\/index.php?rest_route=\/wp\/v2\/pages\/9167\/revisions\/9195"}],"wp:attachment":[{"href":"https:\/\/macknole.de\/index.php?rest_route=%2Fwp%2Fv2%2Fmedia&parent=9167"}],"curies":[{"name":"wp","href":"https:\/\/api.w.org\/{rel}","templated":true}]}}