{"id":8915,"date":"2022-03-31T16:24:35","date_gmt":"2022-03-31T16:24:35","guid":{"rendered":"https:\/\/macknole.de\/?page_id=8915"},"modified":"2022-04-07T15:38:08","modified_gmt":"2022-04-07T15:38:08","slug":"traechtigkeitswoche-3","status":"publish","type":"page","link":"https:\/\/macknole.de\/?page_id=8915","title":{"rendered":"Tr\u00e4chtigkeitswoche 3"},"content":{"rendered":"<blockquote>\n<h5><span style=\"color: #ff0000;\">CIARAS DRITTE TR\u00c4CHTIGKEITWOCHE<\/span><\/h5>\n<\/blockquote>\n<p style=\"text-align: justify;\">Die dritte Woche von Ciara verlief wie die beiden Wochen zuvor unspektakul\u00e4r. \u00c4u\u00dferlich sind noch keine Ver\u00e4nderungen zu erkennen. Bis auf ihr erh\u00f6htes Schlafbed\u00fcrfnis und einem merklich steigendem Hunger sind auch hier keinerlei R\u00fcckschl\u00fcsse auf blinde Passagiere zu erkennen. Beim Spazierengehen ist sie gem\u00fctlicher als sonst. Die Futtermenge ist noch nicht erh\u00f6ht und auch nebenbei gibt es keine Extraw\u00fcnsche. Wir sind auf den Sonntag gespannt, dort gibt es immer Fisch und wir warten gespannt, ob sie auch in dieser Woche wieder zuschl\u00e4gt oder es eher stehen l\u00e4sst.<\/p>\n<blockquote>\n<h5><span style=\"color: #ff0000;\">TR\u00c4CHTIGKEITSVERLAUF IN DER DRITTEN WOCHE<\/span><\/h5>\n<\/blockquote>\n<p style=\"text-align: justify;\">Die H\u00fcndin leidet m\u00f6glicherweise unter morgendlicher \u00dcbelkeit aufgrund der hormonellen Umstellung oder Spannungen in der Geb\u00e4rmutter. F\u00fcttern Sie kleine Mahlzeiten mehrmals am Tag, um gegen die morgendliche \u00dcbelkeit zu helfen. Falls die morgendliche \u00dcbelkeit anh\u00e4lt, kann der Tierarzt ein Mittel verschreiben, um die Geb\u00e4rmutter zu beruhigen. Manche H\u00fcndinnen fressen ab dem 20. Tag f\u00fcr einige Tage gar nichts oder zumindest sehr wenig. In der Regel pegelt sich ihr Fressverhalten danach wieder ein. Viele H\u00fcndinnen sind jetzt besonders anh\u00e4nglich.<\/p>\n\n\n<figure class=\"wp-block-table is-style-regular\"><table><thead><tr><th>Datum<\/th><th>Ereignis<\/th><\/tr><\/thead><tbody><tr><td>Do, 31. M\u00e4rz 2022 bis Do. 07. April 2022<\/td><td>Am 19. Tag setzen sich die Keimbl\u00e4schen (sog. Blastocyten) in der Geb\u00e4rmutterwand fest. Diese formen embrionale Bl\u00e4schen. Ab dem 21. Tag sondern viele H\u00fcndinnen z\u00e4hfl\u00fcssigen, klaren Schleim ab. Das ist das eindeutigste Zeichen, dass der Deckakt geklappt hat.<\/td><\/tr><tr><td>Di, 05. April und Mi., 06. April 2022<\/td><td>Ciara leidet unter morgendlicher \u00dcbelkeit. Sie \u00fcberlegt, ob sie ihr Fressen zu sich nehmen soll oder vielleicht doch direkt in den Napf erbrechen m\u00f6chte.<\/td><\/tr><tr><td>Do. 07. April 2022<\/td><td>Nicht nur, dass Ciara am liebsten den ganzen Tag schlafen m\u00f6chte, nein, heute hat unsere kleine Raupe Nimmersatt das Essen komplett stehen lassen.<\/td><\/tr><\/tbody><\/table><figcaption><a href=\"https:\/\/www.welpen.de\/traechtig\/kalender.php\" target=\"_blank\" rel=\"noreferrer noopener\">Quelle: https:\/\/www.welpen.de\/traechtig\/kalender.php<\/a><\/figcaption><\/figure>\n\n\n\n<p><\/p>\n","protected":false},"excerpt":{"rendered":"<p>CIARAS DRITTE TR&Auml;CHTIGKEITWOCHE Die dritte Woche von Ciara verlief wie die beiden Wochen zuvor unspektakul&auml;r. &Auml;u&szlig;erlich sind noch keine Ver&auml;nderungen zu erkennen. Bis auf ihr erh&ouml;htes Schlafbed&uuml;rfnis und einem merklich<\/p>\n<p class=\"more-link\"><a href=\"https:\/\/macknole.de\/?page_id=8915\" class=\"readmore\">Continue reading<svg class=\"icon icon-arrow-right\" aria-hidden=\"true\" role=\"img\"> <use href=\"#icon-arrow-right\" xlink:href=\"#icon-arrow-right\"><\/use> <\/svg><span class=\"screen-reader-text\">Tr\u00e4chtigkeitswoche 3<\/span><\/a><\/p>\n","protected":false},"author":1,"featured_media":0,"parent":0,"menu_order":0,"comment_status":"closed","ping_status":"closed","template":"","meta":[],"_links":{"self":[{"href":"https:\/\/macknole.de\/index.php?rest_route=\/wp\/v2\/pages\/8915"}],"collection":[{"href":"https:\/\/macknole.de\/index.php?rest_route=\/wp\/v2\/pages"}],"about":[{"href":"https:\/\/macknole.de\/index.php?rest_route=\/wp\/v2\/types\/page"}],"author":[{"embeddable":true,"href":"https:\/\/macknole.de\/index.php?rest_route=\/wp\/v2\/users\/1"}],"replies":[{"embeddable":true,"href":"https:\/\/macknole.de\/index.php?rest_route=%2Fwp%2Fv2%2Fcomments&post=8915"}],"version-history":[{"count":5,"href":"https:\/\/macknole.de\/index.php?rest_route=\/wp\/v2\/pages\/8915\/revisions"}],"predecessor-version":[{"id":9004,"href":"https:\/\/macknole.de\/index.php?rest_route=\/wp\/v2\/pages\/8915\/revisions\/9004"}],"wp:attachment":[{"href":"https:\/\/macknole.de\/index.php?rest_route=%2Fwp%2Fv2%2Fmedia&parent=8915"}],"curies":[{"name":"wp","href":"https:\/\/api.w.org\/{rel}","templated":true}]}}