{"id":8711,"date":"2021-09-08T14:41:11","date_gmt":"2021-09-08T14:41:11","guid":{"rendered":"https:\/\/macknole.de\/?page_id=8711"},"modified":"2022-03-24T20:24:27","modified_gmt":"2022-03-24T20:24:27","slug":"deckakt","status":"publish","type":"page","link":"https:\/\/macknole.de\/?page_id=8711","title":{"rendered":"Deckakt"},"content":{"rendered":"<p style=\"text-align: justify;\">Am Samstag, 12. M\u00e4rz 2022 am sechsten L\u00e4ufigkeitstag machten wir uns auf den Weg zur <a href=\"http:\/\/www.tierarzt-bandel.de\/praxis2\/\">Tierarztpraxis Bandel<\/a> in Bergkamen, um den ersten Progesteron-Wert ermitteln zu lassen. Dieser Tierarzt ermittelt den Prog-Wert nach einer Methode von <a href=\"https:\/\/www.hsb-blendivet.de\/de\/samebank-und-deckzeitbestimmung.html\">Dr. Blendinger<\/a>. Diese Messtechnik soll eine der sichersten Messmethoden zur Ermittlung des Prog-Wertes sein. Am Samstag betrug der Wert erwartungsgem\u00e4\u00df nur 0.67 ng\/ml, so dass noch keine genau Prognose erstellt werden konnte.<\/p>\n<p style=\"text-align: justify;\"><img decoding=\"async\" loading=\"lazy\" class=\"wp-image-8862 alignleft\" src=\"https:\/\/macknole.de\/wp-content\/uploads\/2022\/03\/wp-1647774982675.jpg\" alt=\"\" width=\"518\" height=\"487\" srcset=\"https:\/\/macknole.de\/wp-content\/uploads\/2022\/03\/wp-1647774982675.jpg 1049w, https:\/\/macknole.de\/wp-content\/uploads\/2022\/03\/wp-1647774982675-300x282.jpg 300w, https:\/\/macknole.de\/wp-content\/uploads\/2022\/03\/wp-1647774982675-1024x962.jpg 1024w, https:\/\/macknole.de\/wp-content\/uploads\/2022\/03\/wp-1647774982675-768x721.jpg 768w\" sizes=\"(max-width: 518px) 100vw, 518px\" \/>Wir sollten vier Tage sp\u00e4ter, also am Tag 10 der L\u00e4ufigkeit wiederkommen, um die Messung zu wiederholen. Gesagt getan. Der Wert am Tage 10, ich h\u00e4tte garnicht mehr messen m\u00fcssen, denn Aengus zeigte schon durch sein Verhalten, dass da was im &#8222;Busch&#8220; ist, war bei 4.71 ng\/ml. Somit befanden wir uns in der N\u00e4he der Eispr\u00fcnge. Nach einer weiteren R\u00fccksprache mit unserer Z\u00fcchterin haben wir die Tage der Bedeckung auf den 17. und 18. M\u00e4rz 2022 festgelegt.<\/p>\n<p style=\"text-align: justify;\">Flashs Familie wollte Ciara die lange Autofahrt ersparen und erkl\u00e4rte sich bereit, uns im M\u00fcnsterland zu besuchen. Unsere liebe Eva, von der <a href=\"https:\/\/hundeschulelippetal.de\/\">Hundeschule Lippetal<\/a>, die uns schon sehr lange Zeit begleitet, war so nett und stellte uns ihr Gel\u00e4nde f\u00fcr die beiden Tage zur Verf\u00fcgung. Mit dem Wissen, dass alles organisiert war, machen wir uns dann Donnerstagnachmittag, an Ciaras 3. Geburtstag, auf den Weg zum ersten Date. Das Interesse der Beiden aneinander war sehr gro\u00df, so dass die erste Verpaarung recht schnell stattfand. Auch bei der Wiederholung am Folgetag klappte alles wie wir es uns erhofft haben und warten nun ungeduldig auf die Karwoche, an der wir hoffentlich ganz viele P\u00fcnktchen auf dem Monitor des Tierarztes sehen werden.<\/p>\n<p style=\"text-align: justify;\">\n<p style=\"text-align: justify;\">\n","protected":false},"excerpt":{"rendered":"<p>Am Samstag, 12. M&auml;rz 2022 am sechsten L&auml;ufigkeitstag machten wir uns auf den Weg zur Tierarztpraxis Bandel in Bergkamen, um den ersten Progesteron-Wert ermitteln zu lassen. Dieser Tierarzt ermittelt den<\/p>\n<p class=\"more-link\"><a href=\"https:\/\/macknole.de\/?page_id=8711\" class=\"readmore\">Continue reading<svg class=\"icon icon-arrow-right\" aria-hidden=\"true\" role=\"img\"> <use href=\"#icon-arrow-right\" xlink:href=\"#icon-arrow-right\"><\/use> <\/svg><span class=\"screen-reader-text\">Deckakt<\/span><\/a><\/p>\n","protected":false},"author":1,"featured_media":0,"parent":0,"menu_order":0,"comment_status":"closed","ping_status":"closed","template":"","meta":[],"_links":{"self":[{"href":"https:\/\/macknole.de\/index.php?rest_route=\/wp\/v2\/pages\/8711"}],"collection":[{"href":"https:\/\/macknole.de\/index.php?rest_route=\/wp\/v2\/pages"}],"about":[{"href":"https:\/\/macknole.de\/index.php?rest_route=\/wp\/v2\/types\/page"}],"author":[{"embeddable":true,"href":"https:\/\/macknole.de\/index.php?rest_route=\/wp\/v2\/users\/1"}],"replies":[{"embeddable":true,"href":"https:\/\/macknole.de\/index.php?rest_route=%2Fwp%2Fv2%2Fcomments&post=8711"}],"version-history":[{"count":5,"href":"https:\/\/macknole.de\/index.php?rest_route=\/wp\/v2\/pages\/8711\/revisions"}],"predecessor-version":[{"id":8885,"href":"https:\/\/macknole.de\/index.php?rest_route=\/wp\/v2\/pages\/8711\/revisions\/8885"}],"wp:attachment":[{"href":"https:\/\/macknole.de\/index.php?rest_route=%2Fwp%2Fv2%2Fmedia&parent=8711"}],"curies":[{"name":"wp","href":"https:\/\/api.w.org\/{rel}","templated":true}]}}

<p style="text-align: justify;">Am Samstag, 12. März 2022 am sechsten Läufigkeitstag machten wir uns auf den Weg zur <a href="http://www.tierarzt-bandel.de/praxis2/">Tierarztpraxis Bandel</a> in Bergkamen, um den ersten Progesteron-Wert ermitteln zu lassen. Dieser Tierarzt ermittelt den Prog-Wert nach einer Methode von <a href="https://www.hsb-blendivet.de/de/samebank-und-deckzeitbestimmung.html">Dr. Blendinger</a>. Diese Messtechnik soll eine der sichersten Messmethoden zur Ermittlung des Prog-Wertes sein. Am Samstag betrug der Wert erwartungsgemäß nur 0.67 ng/ml, so dass noch keine genau Prognose erstellt werden konnte.</p>
<p style="text-align: justify;"><img decoding="async" loading="lazy" class="wp-image-8862 alignleft" src="https://macknole.de/wp-content/uploads/2022/03/wp-1647774982675.jpg" alt="" width="518" height="487" srcset="https://macknole.de/wp-content/uploads/2022/03/wp-1647774982675.jpg 1049w, https://macknole.de/wp-content/uploads/2022/03/wp-1647774982675-300x282.jpg 300w, https://macknole.de/wp-content/uploads/2022/03/wp-1647774982675-1024x962.jpg 1024w, https://macknole.de/wp-content/uploads/2022/03/wp-1647774982675-768x721.jpg 768w" sizes="(max-width: 518px) 100vw, 518px" />Wir sollten vier Tage später, also am Tag 10 der Läufigkeit wiederkommen, um die Messung zu wiederholen. Gesagt getan. Der Wert am Tage 10, ich hätte garnicht mehr messen müssen, denn Aengus zeigte schon durch sein Verhalten, dass da was im &#8222;Busch&#8220; ist, war bei 4.71 ng/ml. Somit befanden wir uns in der Nähe der Eisprünge. Nach einer weiteren Rücksprache mit unserer Züchterin haben wir die Tage der Bedeckung auf den 17. und 18. März 2022 festgelegt.</p>
<p style="text-align: justify;">Flashs Familie wollte Ciara die lange Autofahrt ersparen und erklärte sich bereit, uns im Münsterland zu besuchen. Unsere liebe Eva, von der <a href="https://hundeschulelippetal.de/">Hundeschule Lippetal</a>, die uns schon sehr lange Zeit begleitet, war so nett und stellte uns ihr Gelände für die beiden Tage zur Verfügung. Mit dem Wissen, dass alles organisiert war, machen wir uns dann Donnerstagnachmittag, an Ciaras 3. Geburtstag, auf den Weg zum ersten Date. Das Interesse der Beiden aneinander war sehr groß, so dass die erste Verpaarung recht schnell stattfand. Auch bei der Wiederholung am Folgetag klappte alles wie wir es uns erhofft haben und warten nun ungeduldig auf die Karwoche, an der wir hoffentlich ganz viele Pünktchen auf dem Monitor des Tierarztes sehen werden.</p>
<p style="text-align: justify;">
<p style="text-align: justify;">
