{"id":38,"date":"2019-07-30T08:14:37","date_gmt":"2019-07-30T08:14:37","guid":{"rendered":"https:\/\/macknole.de\/?page_id=38"},"modified":"2022-03-31T17:26:18","modified_gmt":"2022-03-31T17:26:18","slug":"shows","status":"publish","type":"page","link":"https:\/\/macknole.de\/?page_id=38","title":{"rendered":"Shows"},"content":{"rendered":"<p style=\"text-align: justify;\"><span style=\"color: #999999;\">Wir sind keine Z\u00fcchter, noch nicht, aber dennoch verstehen wir jeden Z\u00fcchter, der stolz darauf ist, dass seine Nachzuchten im Ring vorgestellt werden. Es l\u00e4sst sicher das ein oder andere Z\u00fcchterherz h\u00f6her schlagen, wenn aus seinen Babies die \u201eStars von morgen\u201c werden. Doch was f\u00fcr den Laien spielerisch daherkommt, ist in Wirklichkeit harte Arbeit. Harte Arbeit: f\u00fcr den Hund und auch f\u00fcr seine Menschen, die sich diesen Stress antun, denn Stress ist es mitunter.<\/span><\/p>\n<p style=\"text-align: justify;\"><span style=\"color: #999999;\">Nat\u00fcrlich gibt es dann diejenigen, die meinen, der im Normalfall blaue Teppich bedeutet ihm die Welt; dem Aussteller und dem Hund. Doch seien wir mal ehrlich. Das Hin- und Hergekarre der Hunde von Ausstellung zu Ausstellung, wom\u00f6glich noch weit \u00fcber die Landesgrenzen hinaus, verzehrt das ein oder andere Wochenende. Der Hund, der sicherlich viel lieber auf dem Sofa vor sich hind\u00f6sen m\u00f6chte, harrt stundenlang aus, um dann f\u00fcr einen Bruchteil von Minuten von einem Richter bewertet zu werden. Selbstverst\u00e4ndlich kann es dazu kommen, dass der Hund dann \u201enot amused\u201c ist und sich nicht in seiner tats\u00e4chlichen Pers\u00f6nlichkeit pr\u00e4sentiert. Das bedeutet dann im schlimmsten Fall, Frust beim Aussteller und zwangsl\u00e4ufig auch Frust beim Hund, wobei dieser mit Sicherheit nicht verstehen wird, warum sein Mensch nun nicht mehr so gut gelaunt ist.<\/span><\/p>\n<p style=\"text-align: justify;\"><span style=\"color: #999999;\">Nichtsdestotrotz bleibt der Weg in den Ring f\u00fcr diejenigen unvermeidlich, die ihren Hund bzw. ihre H\u00fcndin auf die Zuchtzulassung vorbereiten wollen. Denn: ohne Bewertungen durch einen Richter fehlt ein Teil, der f\u00fcr die Zuchtzulassung erforderlich ist. Bei den meisten Zuchtverb\u00e4nden sind das 3 Richterbewertungen in unterschiedlichen Altersstadien.<\/span><\/p>\n<p style=\"text-align: justify;\"><span style=\"color: #999999;\">Es ist jetzt zu einfach gedacht, wenn man meint, man geht dann mal eben auf die eine oder andere Ausstellung. Nat\u00fcrlich gibt es auch Naturtalente, aber die meisten Hunde m\u00fcssen \u00fcber einen gewissen Zeitraum erst einmal erlernen, sich zu pr\u00e4sentieren. Hinzu kommen die unterschiedlichen k\u00f6rperlichen Entwicklungen. So kann es sein, dass man auf verschiedenen Ausstellungen innerhalb k\u00fcrzester Zeit unterschiedliche Bewertungen erh\u00e4lt. Das Wachstum eines Hundes wird eben nicht durch den Zeitpunkt einer Ausstellung bestimmt. Das macht dann Mutter Natur doch lieber selbst.<\/span><\/p>\n<p style=\"text-align: justify;\"><span style=\"color: #999999;\">Unabdingbar neben den Erfahrungen im Ring ist das Ausstellungstraining. Dort erlernen Mensch und Hund sich gemeinsam zu pr\u00e4sentieren. Der Besuch bei einer Clubshow, wo es meist eine Babyklasse gibt, bietet sich dann an, dem Hund das Ausstellungsleben ein wenig n\u00e4her zu bringen. Auch wenn es hier um \u201eNichts\u201c geht, so ist selbst diese Klasse nicht ganz frei von Zw\u00e4ngen, vor allem nicht von dem Zwang, der Beste zu sein.<\/span><\/p>\n<p style=\"text-align: justify;\"><span style=\"color: #999999;\">Ciara soll in erster Linie Hund sein und dennoch sind wir im Moment etwas \u00f6fter im Ring vertreten, eben aus besagten Gr\u00fcnden \u2026<\/span><\/p>\n<blockquote>\n<h4><span style=\"color: #ff6600;\">Ciaras Ausstellungen<\/span><\/h4>\n<\/blockquote>\n\n\n<div class=\"wp-block-image\"><figure class=\"aligncenter size-large\"><img decoding=\"async\" loading=\"lazy\" width=\"888\" height=\"1024\" src=\"https:\/\/macknole.de\/wp-content\/uploads\/2022\/03\/Ausstellungen-2022-888x1024.jpg\" alt=\"\" class=\"wp-image-8938\" srcset=\"https:\/\/macknole.de\/wp-content\/uploads\/2022\/03\/Ausstellungen-2022-888x1024.jpg 888w, https:\/\/macknole.de\/wp-content\/uploads\/2022\/03\/Ausstellungen-2022-260x300.jpg 260w, https:\/\/macknole.de\/wp-content\/uploads\/2022\/03\/Ausstellungen-2022-768x886.jpg 768w, https:\/\/macknole.de\/wp-content\/uploads\/2022\/03\/Ausstellungen-2022-1332x1536.jpg 1332w, https:\/\/macknole.de\/wp-content\/uploads\/2022\/03\/Ausstellungen-2022.jpg 1349w\" sizes=\"(max-width: 888px) 100vw, 888px\" \/><\/figure><\/div>\n","protected":false},"excerpt":{"rendered":"<p>Wir sind keine Z&uuml;chter, noch nicht, aber dennoch verstehen wir jeden Z&uuml;chter, der stolz darauf ist, dass seine Nachzuchten im Ring vorgestellt werden. Es l&auml;sst sicher das ein oder andere<\/p>\n<p class=\"more-link\"><a href=\"https:\/\/macknole.de\/?page_id=38\" class=\"readmore\">Continue reading<svg class=\"icon icon-arrow-right\" aria-hidden=\"true\" role=\"img\"> <use href=\"#icon-arrow-right\" xlink:href=\"#icon-arrow-right\"><\/use> <\/svg><span class=\"screen-reader-text\">Shows<\/span><\/a><\/p>\n","protected":false},"author":1,"featured_media":0,"parent":20,"menu_order":0,"comment_status":"closed","ping_status":"closed","template":"","meta":[],"_links":{"self":[{"href":"https:\/\/macknole.de\/index.php?rest_route=\/wp\/v2\/pages\/38"}],"collection":[{"href":"https:\/\/macknole.de\/index.php?rest_route=\/wp\/v2\/pages"}],"about":[{"href":"https:\/\/macknole.de\/index.php?rest_route=\/wp\/v2\/types\/page"}],"author":[{"embeddable":true,"href":"https:\/\/macknole.de\/index.php?rest_route=\/wp\/v2\/users\/1"}],"replies":[{"embeddable":true,"href":"https:\/\/macknole.de\/index.php?rest_route=%2Fwp%2Fv2%2Fcomments&post=38"}],"version-history":[{"count":12,"href":"https:\/\/macknole.de\/index.php?rest_route=\/wp\/v2\/pages\/38\/revisions"}],"predecessor-version":[{"id":8939,"href":"https:\/\/macknole.de\/index.php?rest_route=\/wp\/v2\/pages\/38\/revisions\/8939"}],"up":[{"embeddable":true,"href":"https:\/\/macknole.de\/index.php?rest_route=\/wp\/v2\/pages\/20"}],"wp:attachment":[{"href":"https:\/\/macknole.de\/index.php?rest_route=%2Fwp%2Fv2%2Fmedia&parent=38"}],"curies":[{"name":"wp","href":"https:\/\/api.w.org\/{rel}","templated":true}]}}